{"id":127,"date":"2012-06-01T08:58:01","date_gmt":"2012-06-01T08:58:01","guid":{"rendered":"http:\/\/actgv.fr\/?page_id=127"},"modified":"2022-04-21T10:35:41","modified_gmt":"2022-04-21T09:35:41","slug":"concours-photos","status":"publish","type":"page","link":"https:\/\/actgv.fr\/?page_id=127","title":{"rendered":"Concours Photos"},"content":{"rendered":"<h2 style=\"text-align: center;\"><\/h2>\n<h3 style=\"text-align: center;\"><span style=\"color: #ff0000;\"><strong><span style=\"color: #000000;\">R\u00e9glementation de<\/span><\/strong><\/span> <span style=\"text-decoration: underline;\"><span style=\"color: #ff0000; text-decoration: underline;\"><strong>\u00ab\u00a0PRISES de VUES\u00a0\u00bb<br \/>\n<\/strong><\/span><\/span><span style=\"color: #ff0000;\"><strong><span style=\"color: #000000;\">dans les enceintes du Chemin de Fer<\/span><\/strong><\/span> : <a href=\"http:\/\/actgv.fr\/wp-content\/uploads\/2014\/12\/R\u00e9glementation-de-prises-de-vues-dans-les-enceintes-du-Chemin-de-Fer.pdf\" target=\"_blank\" rel=\"noopener noreferrer\">ICI<\/a><\/h3>\n<p style=\"text-align: center;\"><span style=\"color: #ff6600;\">Pour consulter les r\u00e9sultats des ann\u00e9es pr\u00e9c\u00e9dentes rendez-vous sur la page \u00ab\u00a0R\u00e9sultats\u00a0\u00bb<a style=\"color: #ff6600;\" title=\"calendrier 2013\" href=\"http:\/\/actgv.fr\/wp-content\/uploads\/2012\/09\/annonce-site-2013.pdf\" target=\"_blank\" rel=\"noopener noreferrer\"><br \/>\n<\/a><\/span><\/p>\n<h2 style=\"text-align: center;\"><strong><span style=\"color: #0000ff;\">Un Magnifique Album photos de l&rsquo;ACTGV<br \/>\nr\u00e9alis\u00e9 avec des photos<\/span><\/strong><br \/>\n<strong> <span style=\"color: #0000ff;\">des diff\u00e9rents concours depuis 2003<\/span><\/strong>: <a href=\"http:\/\/actgv.fr\/wp-content\/uploads\/2015\/10\/pub-site-3.pdf\" target=\"_blank\" rel=\"noopener noreferrer\">ICI<\/a><\/h2>\n<p><a href=\"http:\/\/www.audeimmo.com\" target=\"_blank\" rel=\"noopener noreferrer\"><span style=\"text-decoration: underline;\"><span style=\"color: #ffffff; text-decoration: underline;\">\u00a0 <\/span><\/span><\/a><\/p>\n","protected":false},"excerpt":{"rendered":"<p>R\u00e9glementation de \u00ab\u00a0PRISES de VUES\u00a0\u00bb dans les enceintes du Chemin de Fer : ICI Pour consulter les r\u00e9sultats des ann\u00e9es pr\u00e9c\u00e9dentes rendez-vous sur la page \u00ab\u00a0R\u00e9sultats\u00a0\u00bb Un Magnifique Album photos de l&rsquo;ACTGV r\u00e9alis\u00e9 avec des photos des diff\u00e9rents concours depuis &hellip; <a href=\"https:\/\/actgv.fr\/?page_id=127\">Continuer la lecture <span class=\"meta-nav\">&rarr;<\/span><\/a><\/p>\n","protected":false},"author":1,"featured_media":1199,"parent":0,"menu_order":4,"comment_status":"open","ping_status":"open","template":"","meta":{"footnotes":""},"class_list":["post-127","page","type-page","status-publish","has-post-thumbnail","hentry"],"_links":{"self":[{"href":"https:\/\/actgv.fr\/index.php?rest_route=\/wp\/v2\/pages\/127","targetHints":{"allow":["GET"]}}],"collection":[{"href":"https:\/\/actgv.fr\/index.php?rest_route=\/wp\/v2\/pages"}],"about":[{"href":"https:\/\/actgv.fr\/index.php?rest_route=\/wp\/v2\/types\/page"}],"author":[{"embeddable":true,"href":"https:\/\/actgv.fr\/index.php?rest_route=\/wp\/v2\/users\/1"}],"replies":[{"embeddable":true,"href":"https:\/\/actgv.fr\/index.php?rest_route=%2Fwp%2Fv2%2Fcomments&post=127"}],"version-history":[{"count":120,"href":"https:\/\/actgv.fr\/index.php?rest_route=\/wp\/v2\/pages\/127\/revisions"}],"predecessor-version":[{"id":2607,"href":"https:\/\/actgv.fr\/index.php?rest_route=\/wp\/v2\/pages\/127\/revisions\/2607"}],"wp:featuredmedia":[{"embeddable":true,"href":"https:\/\/actgv.fr\/index.php?rest_route=\/wp\/v2\/media\/1199"}],"wp:attachment":[{"href":"https:\/\/actgv.fr\/index.php?rest_route=%2Fwp%2Fv2%2Fmedia&parent=127"}],"curies":[{"name":"wp","href":"https:\/\/api.w.org\/{rel}","templated":true}]}}